*2 - 11*u - 20. Let q(h) = -5*a(h) - 4*d(h). Let r be q(9). Calculate the highest common divisor of r and 32.
16
Suppose 24*i - 17*i = 0. Suppose 0 = -f + 79 - 24. Suppose -c - 3*w + 13 = i, -2*w = -4*c + f + 39. What is the greatest common factor of 55 and c?
11
Suppose 10 = 4*y + 2, -3*c - 2*y + 82 = 0. Calculate the highest common factor of 234 and c.
26
Suppose -320*c = -336*c + 1488. What is the highest common divisor of 248 and c?
31
Let p = 59 - 45. Suppose 42 = 2*f + p. Calculate the greatest common divisor of 7 and f.
7
Let o = 9 + 0. Suppose -4*f - 236 = -3*d, -4*f = 5*d - 261 - 79. What is the highest common divisor of d and o?
9
Let g = -5 - -7. Suppose p - 51 = -g*p. Suppose -4*o + f + 27 = 0, 4*o = 2*o - 3*f + p. What is the highest common divisor of 56 and o?
7
Let o(r) = 4*r**2 - 5*r - 5. Let b be o(6). Let v be b/2 + 9/18. Suppose 0*i = -i + 11. What is the greatest common divisor of v and i?
11
Let o(h) = -69*h + 284. Let t be o(4). Calculate the greatest common factor of t and 160.
8
Let u(c) = -51*c - 144. Let j be u(-8). Calculate the highest common factor of j and 48.
24
Let w be 641 + 77/(-42) + 10/12. What is the greatest common factor of w and 40?
40
Let h(a) = -7*a - 35. Let p(f) = -f**2 + 2*f + 1. Let v be p(4). Let t be h(v). Let c = 252 + -126. What is the greatest common divisor of c and t?
14
Suppose 3*w = 5*q - 1203, 80*q - 77*q - w = 725. What is the highest common factor of q and 162?
81
Let v(w) = 2*w**2 + 13*w + 38. Let q be v(-14). Calculate the highest common factor of q and 31.
31
Let k = -36 + 40. Let v be (48/4)/((32/20)/k). Calculate the highest common factor of 240 and v.
30
Let s = -15 + 31. Let y = s - -23. Suppose -2*f - 2*l = -5*l - y, -3*l + 33 = f. Calculate the greatest common divisor of f and 8.
8
Suppose 0 = -0*r - 5*r - 5*m + 205, -2*m = 3*r - 124. Suppose 12*d + 3726 = 71*d + 148*d. What is the greatest common divisor of r and d?
6
Let j = -2201 + 2224. Calculate the greatest common divisor of j and 16.
1
Suppose -4*u + 9 = -c, 11*u = 7*u + 20. What is the greatest common divisor of 770 and c?
11
Let d = 15 - 15. Let k(z) = d*z + z + 3 + 6. Let m be k(-7). Calculate the greatest common divisor of m and 6.
2
Suppose 95 = l + 4*q - 3*q, 5*q = -2*l + 199. Suppose f = -2*n + l, 4*f = 2*n + 2*n - 196. Suppose -i + 28 = -n. What is the greatest common factor of 15 and i?
15
Let q = -50 - -229. Let f = -107 + q. Suppose 2*w - 4*w = -6, 5*w - 33 = -y. What is the highest common factor of f and y?
18
Suppose 13*n - 12*n - 97 = 4*j, 0 = -3*n - 3*j + 321. Calculate the greatest common factor of n and 30.
15
Let o(m) = m**3 - 15 + m - 3*m + 17*m**2 - 5 + 4. Let q be o(-17). Calculate the greatest common factor of 3 and q.
3
Suppose -6 - 16 = -2*d. Let v(p) = p**2 + 16*p + 19. Let g be v(-13). Let l = -19 - g. Calculate the highest common divisor of l and d.
1
Suppose 0 = a + 4 - 7. Suppose -35 - 262 = -a*l. Calculate the greatest common factor of 9 and l.
9
Suppose -8*d - 8*d = -608. Calculate the greatest common divisor of 247 and d.
19
Suppose -5*t + 22 = 2. Suppose -t*i = -26 - 18. Let j = i + -8. Calculate the highest common divisor of j and 15.
3
Let n be -539*(-9 - -5) - 8. Calculate the highest common factor of n and 24.
12
Suppose 37*j = 32*j + 2825. What is the highest common factor of j and 5?
5
Let x = 608 - 602. Calculate the greatest common factor of x and 354.
6
Let n(h) = h**2 + 5*h + 62. Let k be n(0). Suppose -4*w + 3*z + k = z, 15 = -5*z. What is the greatest common divisor of w and 70?
14
Let n = -17 + 17. Let c be -54*(n + -1 + 0). Suppose 0 = -16*s + 5*s + 198. What is the greatest common factor of s and c?
18
Let m be 246/14 + 216/(-378). What is the greatest common divisor of 51 and m?
17
Suppose -3*j = 5*z - 931, -3*z + 5*j + 295 + 284 = 0. What is the greatest common divisor of z and 329?
47
Suppose -1918*n - 48 = -1922*n. Calculate the greatest common divisor of 30 and n.
6
Suppose -5*a + 1 = 6, -2*a - 56 = -2*m. Calculate the greatest common divisor of 1413 and m.
9
Suppose 0 = 6*h - 2*h - 64. Let f = h - 4. What is the greatest common divisor of 4 and f?
4
Let j be (-16)/32*1*4. Let t(c) = -2*c + 12. Let z be t(j). Calculate the highest common divisor of z and 80.
16
Let a(r) = 3*r**3 + 69*r**2 - 7*r - 35*r**2 - 39*r**2 + 15. Let m be a(3). Let h(z) = 9*z + 3. Let j be h(3). Calculate the greatest common factor of m and j.
30
Suppose 0 = -5*g - 4 + 24. Suppose -5*i + 84 = -g*i. Let m be 4 - (80/24)/((-4)/12). Calculate the greatest common divisor of m and i.
14
Suppose 5*u - 14*u + 36 = 0. Suppose 0 = u*j + 134 - 550. Calculate the greatest common factor of j and 13.
13
Suppose -3*l - 121 = -j - 3*j, 2*j = -5*l - 193. Let a = l + 65. Let v be (-4)/10 + 654/10. What is the highest common divisor of v and a?
13
Let w(v) = -3*v**3 + 3*v**2 - v + 4. Let i be w(-3). Let b = -47 - -51. Suppose 184 = -0*c + b*c. What is the highest common divisor of i and c?
23
Let m = 1053 + -1881. Let f be (-16)/(-6)*m/(-16). What is the highest common divisor of 46 and f?
46
Suppose 3*f - 114 = -15. Let q = f + -3. Calculate the highest common divisor of q and 75.
15
Let x be 3 + 24/(-9) - (-5)/3. Let w = 46 + x. What is the highest common factor of w and 16?
16
Let o be (-2)/(-6)*0*1. Suppose -s + 3*y + 40 = o, 7*s - 265 = 2*s + 2*y. What is the highest common factor of s and 11?
11
Suppose 2*x = 3*n + 6*x - 10, 3*x = -6. Let p(v) = -v + 2. Let k be p(2). Suppose k = -6*l - l + 42. What is the greatest common divisor of l and n?
6
Suppose 3*h + 2 = -g, 3*h + 2*h + 30 = 5*g. Suppose -5*s = -g*s + 15. Let c = 24 + s. What is the greatest common divisor of 27 and c?
9
Suppose -3*u - 2*z + 17 = -z, 5*u = -3*z + 27. Calculate the greatest common divisor of u and 30.
6
Suppose -16*z + 23*z = -126. Let s be 194/18 - 4/z. What is the highest common divisor of s and 2?
1
Let m = -1299 + 1874. Calculate the highest common factor of m and 25.
25
Let o(b) = b**3 - 7*b**2 + 15*b + 5. Let z be o(5). Calculate the greatest common divisor of z and 90.
30
Let b be (-4)/7 + 123411/651. What is the greatest common factor of 126 and b?
63
Suppose -5*r = -4*s - 401, -r + 86 = 3*s + 2. What is the greatest common divisor of r and 3?
3
Suppose -12*s + 848 - 320 = 0. What is the greatest common divisor of s and 319?
11
Let m be (-2 - (2 + -6)) + 1. Suppose 5*b = -p + 64, 0 = -m*b + p + 4*p + 44. Calculate the greatest common factor of b and 117.
13
Suppose -5*b + 20 = a, 4 = -2*a - 6. Let k = -165 + 205. What is the greatest common factor of b and k?
5
Let a = -674 - -730. Calculate the highest common divisor of a and 378.
14
Let l = -113 + 170. What is the greatest common factor of l and 38?
19
Suppose u - 9 = z, 20 = -3*z - 2*z. Let f(a) = -a**3 + 5*a**2 - a + 8. Let g be f(u). What is the highest common divisor of 3 and g?
3
Let w(p) = -2*p - 10. Let s be w(-18). Let y be s + (1 - (-10)/(-2)). What is the highest common factor of y and 154?
22
Suppose 3 = -3*t + 12. Suppose -t = -4*z + 49. Let n = -1528 - -1554. What is the highest common factor of n and z?
13
Suppose 27*m - 2146 = 1445. What is the greatest common factor of m and 7?
7
Let s be 4/1*25/2. Let v = -27263 + 27388. What is the highest common divisor of s and v?
25
Let c be (6/(-4))/(9/(-108)). Let y = c - 4. Calculate the highest common factor of 14 and y.
14
Let g(y) = 4*y**2 - 2*y - 2. Let h be g(-2). Suppose 28*j - 144 = 108. What is the highest common factor of h and j?
9
Let s(w) = 2*w**3 - w**2 - w**3 - 44 - w - 10. Let y be s(0). Let u be y/12*(-7 - -3). What is the greatest common divisor of u and 6?
6
Let a(n) = -38*n - 4. Let o be a(-3). Calculate the greatest common divisor of o and 20.
10
Let y be 189 - ((-24)/(-18))/((-10)/(-15)). What is the highest common divisor of y and 34?
17
Suppose -5*o - 13119 = -4*y, 5*y + 5*o - 16406 = 4*o. Calculate the greatest common divisor of 17 and y.
17
Suppose -o - 4*p - p + 90 = 0, -o - 2*p = -78. Calculate the greatest common factor of 98 and o.
14
Let p be 0 + (-5 + 20/12)*-24. Let y = 100 + -48. Let n = p - y. Calculate the highest common factor of n and 196.
28
Let c = -528 - -755. Let s = -218 + c. Suppose 41 = 3*r - n - 255, 5*r - 490 = 5*n. What is the highest common factor of r and s?
9
Supp